4, what is -58a1 + -27?
-58c8
In base 6, what is 1205 + -15420?
-14211
In base 16, what is 4 + 1fae?
1fb2
In base 3, what is -12002 + -12200?
-101202
In base 2, what is -1011111000000 + -101?
-1011111000101
In base 9, what is 886660 - 1?
886658
In base 10, what is -119769 + -5?
-119774
In base 4, what is -2001 + 30112?
22111
In base 6, what is -2042 - 24?
-2110
In base 13, what is 61 - 15?
49
In base 5, what is 13 + -1214310?
-1214242
In base 12, what is 1 + 231b?
2320
In base 8, what is 5 - -2753?
2760
In base 9, what is 0 - -813270?
813270
In base 7, what is 631061 - 1?
631060
In base 6, what is -110311 - -3?
-110304
In base 14, what is 40 - -260c?
264c
In base 15, what is -362 - 234?
-596
In base 12, what is 5b7 + 14?
60b
In base 14, what is 4d - -c5?
134
In base 14, what is -30 - -16a11?
169c1
In base 13, what is 1ba8a0 + -5?
1ba898
In base 8, what is 751 + -10?
741
In base 4, what is 11 - 202312231?
-202312220
In base 14, what is -86acc - 0?
-86acc
In base 14, what is -7648 - -1b?
-762b
In base 5, what is 10412 + -102?
10310
In base 12, what is 7 - -21a3b?
21a46
In base 12, what is -341726 + -3?
-341729
In base 13, what is -60b2 - 4?
-60b6
In base 13, what is -10525 - -22?
-10503
In base 4, what is 120 + -10200133?
-10200013
In base 7, what is 4 + -161624?
-161620
In base 4, what is -2211 + 21011?
12200
In base 16, what is -3526 + -2e?
-3554
In base 15, what is 5 + 1037?
103c
In base 8, what is -2053 + -310?
-2363
In base 2, what is 10100000 - 100001010100?
-11110110100
In base 5, what is 1123 - 124?
444
In base 10, what is 28 - -2652?
2680
In base 3, what is -11 + 212211211122?
212211211111
In base 9, what is 373655 - -15?
373671
In base 9, what is 1113 - -31?
1144
In base 5, what is 1 + -414303?
-414302
In base 4, what is 1301 + 10332032?
10333333
In base 10, what is -4 + 9420?
9416
In base 2, what is 10000 - 10011110001101?
-10011101111101
In base 8, what is 27 - -260647?
260676
In base 2, what is 10010010 - 1010010?
1000000
In base 7, what is -65 - -521314?
521216
In base 11, what is -58a6 + 457?
-544a
In base 13, what is 3 + -137b38?
-137b35
In base 14, what is -1 + 49c2d?
49c2c
In base 14, what is -a6c - -3?
-a69
In base 2, what is -11 - 111110011011101100?
-111110011011101111
In base 3, what is -1121 + -12020?
-20211
In base 8, what is 607600 - 0?
607600
In base 9, what is 546776 - -3?
546780
In base 7, what is 432 - 632?
-200
In base 10, what is 5 + 80799?
80804
In base 11, what is 20aa5 + 8?
21002
In base 5, what is 3 + 134322?
134330
In base 10, what is 0 - 1091?
-1091
In base 14, what is -30cd4b - -3?
-30cd48
In base 3, what is -2020010022210 + 0?
-2020010022210
In base 15, what is 3917 - 34?
38d3
In base 9, what is 36 - -56838?
56875
In base 12, what is 1809 - 4?
1805
In base 6, what is 2 + -410231?
-410225
In base 8, what is 7 - -1134?
1143
In base 3, what is -21210220020 + 1?
-21210220012
In base 7, what is 1436033 + 0?
1436033
In base 11, what is -389298 + 4?
-389294
In base 3, what is -12201 + 101111?
11210
In base 12, what is 30924 - -13?
30937
In base 10, what is -20 + 38602?
38582
In base 13, what is -60 - 654?
-6b4
In base 8, what is 12107 - -210?
12317
In base 3, what is -11222221210 - -10?
-11222221200
In base 2, what is 111011 + 1101110110?
1110110001
In base 15, what is 9b5 - -21?
9d6
In base 14, what is 54 + 32?
86
In base 3, what is 1221 - -200112?
202110
In base 6, what is 15350 + 10?
15400
In base 11, what is -40a71 - 1?
-40a72
In base 10, what is -1408 + 4279?
2871
In base 16, what is -723a - -1f?
-721b
In base 6, what is -52 - -2550315?
2550223
In base 4, what is -12 - 333202020?
-333202032
In base 5, what is 314322400 - 4?
314322341
In base 5, what is 102 - 1003424?
-1003322
In base 6, what is -22325 - 5?
-22334
In base 13, what is 2 - 58cb5?
-58cb3
In base 9, what is 0 + 37022?
37022
In base 8, what is 670 + 265?
1155
In base 13, what is -4 + 169a7?
169a3
In base 14, what is -1c4 - -730?
54a
In base 6, what is 21110 + -444?
20222
In base 12, what is 21a91 - 5?
21a88
In base 6, what is -110 - 20050?
-20200
In base 12, what is -3 - -961b?
9618
In base 6, what is 43000 - 5?
42551
In base 15, what is e41 - -29?
e6a
In base 8, what is -265475 + 20?
-265455
In base 13, what is -201 - -423?
222
In base 3, what is 2000000 - -1101?
2001101
In base 15, what is 1b9 + c9?
293
In base 15, what is -6c95 - -5?
-6c90
In base 13, what is -258cb - 2?
-25900
In base 13, what is 909 - 47?
892
In base 7, what is -22 - 14401?
-14423
In base 7, what is -12 - 226314?
-226326
In base 16, what is 1b0f + -2b?
1ae4
In base 2, what is -110100100111101001 - 11?
-110100100111101100
In base 7, what is -4 - -232543?
232536
In base 6, what is -4 - -1123440?
1123432
In base 10, what is -5 - 27341?
-27346
In base 11, what is 760 - 15?
746
In base 11, what is -1a678 - -1a?
-1a659
In base 13, what is -30 + 30b?
2ab
In base 6, what is 104 + 5244?
5352
In base 3, what is 1222112020 + -101?
1222111212
In base 14, what is -a2 - 1a0?
-262
In base 6, what is -420 - -22423?
22003
In base 8, what is -175046 - 66?
-175134
In base 5, what is 43 - -1041130?
1041223
In base 15, what is -27c8 - 3?
-27cb
In base 5, what is -10 + -1143323?
-1143333
In base 3, what is 1020210 - 10?
1020200
In base 16, what is 2c86 + -6?
2c80
In base 3, what is 10200 + 201020?
211220
In base 11, what is 14045 + 0?
14045
In base 3, what is -100 - -12022220221?
12022220121
In base 14, what is -cd5b - 9?
-cd66
In base 8, what is -3023610 + 2?
-3023606
In base 7, what is -1430 - -2361?
631
In base 3, what is -2010012 - 220111?
-10000200
In base 8, what is 4 - -3056371?
3056375
In base 4, what is 23013032101 - 11?
23013032030
In base 6, what is -1 + 4142033?
4142032
In base 10, what is 4766549 - -5?
4766554
In base 9, what is 4 + -33580?
-33575
In base 13, what is -5 - -41ab?
41a6
In base 3, what is -101222012 - 10220?
-102010002
In base 11, what is 20547 - 13?
20534
In base 13, what is -4 - -6a1?
69a
In base 10, what is 5 - -400389?
400394
In base 14, what is -10482a - 3?
-10482d
In base 9, what is -202172 + 1?
-202171
In base 12, what is 0 + -166?
-166
In base 2, what is -101 - -11110000110000?
11110000101011
In base 10, what is -12 - 461?
-473
In base 11, what is -33066 - -1a?
-33047
In base 13, what is 4c - 8a0?
-851
In base 10, what is 0 - 23100?
-23100
In base 10, what is 7 + 9850?
9857
In base 5, what is -1202410 - -14?
-1202341
In base 8, what is 3342 + 3051?
6413
In base 2, what is 110 + 1010110000011?
1010110001001
In base 14, what is 4c07 - -1?
4c08
In base 4, what is -1 + 1030313013?
1030313012
In base 10, what is -31 - -6891?
6860
In base 9, what is 1037 - 612?
325
In base 12, what is -1085a + 0?
-1085a
In base 10, what is 189103 - 2?
189101
In base 9, what is 4 + -16684?
-16680
In base 13, what is -3681 + 1c?
-3662
In base 16, what is 9265 - 4?
9261
In base 11, what is 5 + 13803?
13808
In base 9, what is 0 + 35661?
35661
In base 6, what is 112542 + -1?
112541
In base 9, what is 121 + 2011?
2132
In base 10, what is 13177 + 0?
13177
In base 6, what is 14055 - -2425?
20524
In base 11, what is 216 - -a10?
1126
In base 11, what is 36 + -3519?
-3493
In base 3, what is 0 + -12110212212?
-12110212212
In base 11, what is 1 - -19a6a?
19a70
In base 13, what is 37 - 5a?
-23
In base 15, what is -1775 - -1e?
-1756
In base 16, what is 7104 + -30?
70d4
In base 16, what is -c + -75f8?
-7604
In base 9, what is 116458 + 5?
116464
In base 2, what is -101011111011 + -110001?
-101100101100
In base 7, what is 1 + -525104?
-525103
In base 14, what is -c + -1d620?
-1d62c
In base 8, what is 237 + -7416?
-7157
In base 15, what is 2 - -12162?
12164
In base 10, what is -2 - -361988?
361986
In base 10, what is 9 - 2264?
-2255
In base 4, what is 12233 + 310?
13203
In base 3, what is 10210022002 - 10?
10210021222
In base 14, what is 16 + -a61?
-a49
In base 10, what is 21 - 2214?
-2193
In base 11, what is aa58 + -3?
aa55
In base 14, what is 59 - d?
4a
In base 5, what is 3 + 342321?
342324
In base 13, what is 4 - -ca24a?
ca251
In base 5, what is -101 + -1422133?
-1422234
In base 15, what is 7ccd - 1?
7ccc
In base 14, what is -154a7 + 2?
-154a5
In base 16, what is -2903 + -5c?
-295f
In base 5, what is 102142 + 11?
102203
In base 14, what is 1 + 15b?
15c
In base 3, what is 12102211 + 21?
12110002
In